i - 152. Give v(25).
-3
Suppose -2*p + 12 = 20. Let g be (p - -2 - 0) + 5. Let t(x) = -11 + g + 1 + 4*x + 1. Calculate t(4).
10
Let s(o) = 125 + 5*o**2 + 12*o - 5*o**2 + o**2 + 2*o - 137. Determine s(-14).
-12
Let f be 9*(-1)/(2 + -1). Let h(k) be the second derivative of k**3/6 + 9*k**2/2 + 17370*k. Determine h(f).
0
Suppose -2*s = 2*u - 3*s - 6, -3*s + 14 = 2*u. Let l(m) be the second derivative of m**5/20 - m**4/12 - 2*m**3/3 - 2*m**2 - 4*m + 21. Determine l(u).
28
Let n(j) = -j**3 + 21*j**2 + 23*j + 51. Let q be n(22). Let c(z) = -7*z**2 + 5*z**2 - 5 - z**3 + q*z - 74*z. Calculate c(-3).
7
Let s = 13787 + -13789. Let h(m) = -2*m**3 + 9*m**2 + 23*m + 1. Calculate h(s).
7
Let i(n) = -n**3 + 10*n**2 - 8*n. Suppose -123 = -5*f + 142. Suppose -47*l = -f*l + 54. Calculate i(l).
9
Let f(h) = 2*h**2 - 2. Let d be f(-1). Suppose d = -9*r + 9 + 9. Let u(j) = -2*j**3 + 3*j**2 - 2*j + 2. Calculate u(r).
-6
Let b(k) = k**3 + k**2 - k - 4. Let u be (23 + -8)*(-60)/9. Let p = 108 + u. Let t = 8 - p. What is b(t)?
-4
Let k(z) = 33*z + 136. Let l be k(-4). Let q(r) = r**3 + 6*r**2 + 9*r + 7. Let y be q(-4). Let g(p) = -121*p**2 - y*p + 122*p**2 + 3 - 1. What is g(l)?
6
Let c(l) = l**2 - 5*l - 6. Let p be c(5). Let s(q) be the first derivative of -7/2*q**2 + 2*q - 1/3*q**3 + 13. Determine s(p).
8
Let a(f) be the first derivative of f**4/4 - 3*f**2/2 + 2*f - 2196. Suppose 2*k + 12 - 6 = 0. Calculate a(k).
-16
Let s be 5*(0 + (-8)/10)*14. Let k = s - -51. Let q(f) = -4 + 2*f - f + 7. Calculate q(k).
-2
Let y = -80 - -119. Let b = -44 + y. Let a(n) = -n + 7. Determine a(b).
12
Let s(j) = -3 - 2*j + j**2 + 2*j. Suppose t + 571 = 568, b - t - 6 = 0. Give s(b).
6
Let f(s) = -6*s**2 - 21*s + 13. Let l(u) = 34*u**2 + 106*u - 58. Let d(h) = 11*f(h) + 2*l(h). What is d(7)?
-8
Suppose 4*w = n + 3, 4*w = -5*n + 5*w + 42. Suppose -n*y + 3*y + 228 = 0. Let t(l) = -17*l - 1 + y*l - 16*l. Give t(-1).
-6
Let o(f) = -f**3 + 9*f**2 + 3*f - 11. Let q(m) = -2*m**3 - 73*m**2 - 35*m + 45. Let r be q(-36). Determine o(r).
16
Suppose -4*c + 4 = 8. Let l(y) = y**3 - 2*y**2 - 6. Let n(t) = -3*t**3 + 8*t**2 + 2*t + 26. Let p(o) = -4*l(o) - n(o). What is p(c)?
1
Let v be (-12)/(-15)*(-315)/(-14). Let r(j) = v*j**2 - 9*j - 7 + j**3 + 52*j - 27*j - 8. Determine r(-17).
2
Let m(l) = 154 - l**3 - 47 + 442*l**2 - 870*l**2 + 451*l**2 - 5*l. Give m(23).
-8
Suppose 4806 = 22*z - 3400. Let v = z + -379. Let y(d) = d**3 + 7*d**2 + 5*d + 8. What is y(v)?
14
Let i(b) = b - 35. Let v = -10443 + 10468. Calculate i(v).
-10
Let o(z) = -13*z**2 + 6*z + 17. Let y(u) = -24*u**2 + 12*u + 31. Let d(t) = -11*o(t) + 6*y(t). Let q(n) = -8*n - 2. Let a be q(-1). Calculate d(a).
-1
Let y be (6 - (-24)/6) + -4. Let z(p) = -3*p**2 + 12*p + 13. Determine z(y).
-23
Let m = 5020 - 5021. Let c(n) = 6*n**3 - 4*n - 4. Give c(m).
-6
Let h(v) = -2*v - 19*v + v + 15*v - 21. Determine h(-5).
4
Suppose 4*b = 3*r + 39, -8*b + 49 = -5*r - 4*b. Let y(j) = -2*j**2 - 4*j - 7. Determine y(r).
-37
Let q(j) = -2*j + 5*j - 3*j**3 - 3*j + j**2 + 2. Let z(v) be the first derivative of v**4/2 - 2*v**3/3 - v + 8. Let p(g) = 3*q(g) + 4*z(g). What is p(-5)?
2
Let w(h) = 2*h**2 - 4*h + 23. Let t(g) = -5*g**2 + 7*g - 40. Let b(z) = -4*t(z) - 7*w(z). Let y(m) = m - 9. Let n be y(8). What is b(n)?
5
Let l(g) = -g**3 - 17*g**2 - g - 24. Let o = 3981 + -3998. What is l(o)?
-7
Let i = 32 - -9. Let k = 39 - i. Let g(f) = -2*f**2 + 2*f - 1. Calculate g(k).
-13
Let d = 140 - 136. Let a = 94 + -27. Let g(z) = 2 + d*z**2 - a*z + 70*z - z**2. Determine g(-2).
8
Let i(l) be the second derivative of l**3/6 - 21*l**2/2 + 973*l. Give i(0).
-21
Suppose -15*j + 48 = -2*m - 20*j, -m - 28 = 3*j. Let a(z) be the third derivative of -z**6/120 - z**5/20 + z**4/8 - 3*z**3/2 + 4*z**2. Determine a(m).
-5
Let z(p) = 2*p**3 + 3*p**2 + p + 6. Let y be z(-2). Let b(c) be the second derivative of -1/6*c**3 + 1/2*c**2 + 6*c + y. Give b(-2).
3
Let r(p) = -p**3 - 27*p**2 - 94*p - 1769. Let m be r(-26). Let z(g) = -17*g + 5. What is z(m)?
22
Let p(d) = -d**2 - 5*d - 13. Suppose -5*o + 58*o + 0*o = 0. Determine p(o).
-13
Let w(h) be the third derivative of h**4/3 + 3*h**3 - 40*h**2. Let t(k) = 4*k + 9. Let y(m) = -5*t(m) + 3*w(m). What is y(-7)?
-19
Let j be (1/2)/((-4)/(-24)). Let k(h) = 4 - 27*h - 2*h**2 + 8*h + 16*h + 3*h. Give k(j).
-14
Let j be (-47)/(-3)*120/(1 + 7). Let o = j + -242. Let p(m) = m**2 + 7*m - 5. Give p(o).
-5
Let j(i) = -6*i - 164. Let r(a) = -81*a**3 + 567*a**2 - 3*a - 7. Let z be r(7). Calculate j(z).
4
Let c(r) = 2*r + 204. Let o(m) = -m - 113. Let v(u) = -4*c(u) - 7*o(u). Determine v(-29).
4
Let r(d) = -d**3 - 2*d**2 - 2. Suppose g - 2 = j, -3*g + 57 = 5*j + 27. Let b = 16 + -11. Let x = b - j. Determine r(x).
-18
Let j(n) = 5*n - 32. Suppose -3*a + 5*f = 2*f - 18, 2*a + 4*f - 36 = 0. Let r be j(a). Suppose -12*d - r = 6. Let h(k) = 3*k - 2. Give h(d).
-8
Let b(v) = 2*v - 12. Let a = -3030 + 3034. Give b(a).
-4
Let z(r) be the first derivative of 2*r + 1/4*r**4 + 2*r**3 - 7/2*r**2 - 12. Calculate z(-7).
2
Let r = -792 - -1005. Suppose -169 = 11*h - r. Let u(d) = -13*d. Calculate u(h).
-52
Let a(m) = 0*m**3 + 133 - 160 + 9*m**2 + 10*m + 3*m - m**3. Give a(10).
3
Suppose 8 = 2370*o - 2366*o. Suppose 2*y - 38 = -12. Let w(h) = -4*h**2 + 3*h + 7. Let b(l) = -9*l**2 + 7*l + 15. Let x(v) = y*w(v) - 6*b(v). Calculate x(o).
3
Let h(t) = t**2 + 104*t + 751. Let q be h(-96). Let o(r) = -r - 14. Give o(q).
3
Let z(j) = j**2 + 1 + 1 - 4. Let w be 1*143/4 + (-2)/(-8). Let a = -40 + w. Calculate z(a).
14
Suppose -4*y = 3*s + 25, 7*s + 30 = 3*s - 2*y. Let m(l) = -l**2 + 2*l + 68. Let z be m(s). Let b(w) = -w**3 + 4*w**2 + 7*w - 11. Calculate b(z).
-1
Let u(h) be the third derivative of 2/3*h**3 + 0 - 24*h - 3/8*h**4 - 2*h**2. What is u(3)?
-23
Let b = -1132 + 1173. Let w be (33 + -2)*2/2. Let o = b - w. Let k(c) = c - 12. Give k(o).
-2
Let n(b) = -49*b**3 + 105*b**3 - 4*b - 16 + 4*b - 7*b - 7*b**2 - 55*b**3. What is n(8)?
-8
Let g be 6/(-27) + 166/18 - 2. Let k(u) = -63*u + 3. Let v(y) = -25*y + 1. Let b(z) = 6*k(z) - 15*v(z). Determine b(g).
-18
Let l(t) = -t**2 - t - 4. Let c be (-12)/(-84) - (-398)/7. Let y = 52 - c. Determine l(y).
-24
Let y be (-2)/(-3) - 2/(-6). Let d(q) = -3*q**3 + q**3 - y + 2*q + q**3 - 3*q**2 + q. Let r be (4 - 9) + 16 + (-14)/1. Give d(r).
-10
Let p(g) be the second derivative of -5*g + 7/2*g**3 + 1/6*g**4 + 0 + 0*g**2 - 1/30*g**5 + 1/360*g**6. Let f(x) be the second derivative of p(x). What is f(4)?
4
Let l = 2706 + -2707. Let q(t) = t + 7 - t - 6 + 30*t**2. Determine q(l).
31
Let s(d) = -d**3 - 32*d**2 - 57*d + 96. Let b(k) = 2*k**3 + 18*k**2 - 970*k + 24. Let v be b(-27). What is s(v)?
6
Let w(s) = -s**2 - s + 8. Let y = -9 + 8. Let g be 3 + y + 0 - (27 - 25). What is w(g)?
8
Let r(c) = 467*c + 2. Let w(j) = -78*j - 1. Let a(p) = -5*r(p) - 30*w(p). Give a(9).
65
Let a(y) = y**3 - 8*y**2 + 3. Let r be (-2)/(-10)*-3 + (-27)/(-45). Let m be 0 + (-4)/3*3 + r. Let k be m/3*(2 - 8). Determine a(k).
3
Let z(t) = -8*t**3 + 18*t**2 - 6*t - 24. Let b(c) = 2*c + 0 - c**2 + c**3 + 6 + 2*c**3 + 2 - 5*c**2. Let p(x) = -11*b(x) - 4*z(x). Give p(-6).
-4
Let o(q) be the second derivative of -q**4/12 - q**3/2 + 3*q**2/2 - q. Let u = -7004 + 7001. Calculate o(u).
3
Let g(s) = -26*s + 23. Let z(p) = -66*p + 45. Let w(t) = -10*g(t) + 4*z(t). What is w(-18)?
22
Let j(o) = 5*o + 0*o - 20*o + 26*o - 2*o - 34. What is j(3)?
-7
Let c(q) be the third derivative of -q**6/120 + q**5/10 - 7*q**4/12 + 3*q**3/2 - 308*q**2. Determine c(5).
-36
Let r(w) = 2*w**2 + 2*w - 2. Let b be 0*((-628)/48 + 13). Give r(b).
-2
Let y(k) = k**3 - 19*k**2 + k - 39. Suppose m - 73 = -4*l, -20 = -5*m - 35. Determine y(l).
-20
Let j(s) be the third derivative of -s**8/20160 - s**7/1008 + s**5/30 + s**4/6 - 36*s**2. Let w(q) be the third derivative of j(q). Determine w(-6).
-6
Suppose 111*y + 1 - 1 = 427*y. Let x(f) be the second derivative of y - 26*f - 1/20*f**5 - 5/2*f**2 + 2/3*f**3 + 1/3*f**4. Calculate x(4).
11
Let r(h) = -42*h - 547. Let s be r(-13). Let d(u) = 87*u**3 - 2*u**2 - 3*u - 2. Determine d(s).
-88
Let l(h) be the first derivative of -4*h**2 + 63*h + 290. Determine l(8).
-1
Suppose 61*y = 4 - 9 + 5. Let s(j) be the third derivative of 0*j + 2/3*j**3 + y + 1/12*j**4